+ 0 - (-1 - 0). Let t(y) = 2*y + y + y**2 - d - 5*y - n. What is t(5)?
8
Let d be (1 + -7)*-1*1. Let o(s) = -s**3 + 7*s**2 - 3*s - 8. Determine o(d).
10
Let x = -792 + 793. Let m(t) = 3*t**2 - 2*t + 2. Give m(x).
3
Let z be -4 + (0/(-2) - -2). Let r(s) = -s**3 + 2*s + 3. Let n be r(z). Let h = -11 + n. Let f(p) = -p**3 - 3*p**2 + 3*p - 2. Determine f(h).
2
Let s(n) = 4*n**3 + 2*n**2 + n. Let v(x) = -x**3 - 4*x**2 - 6*x - 10. Let i be v(-3). Determine s(i).
-3
Let w(v) = -3*v**2 - 2*v - 6. Let a(m) = -11*m**2 - 5*m - 18. Let g(k) = -2*a(k) + 7*w(k). Let r be 6/27 - (-52)/9. Determine g(r).
6
Let l be 4/(-3)*(-117)/6. Let q(a) = l*a + 28*a - 65*a - 4 + 21*a - a**2. Give q(9).
5
Let l(z) = -z. Let p = 15 - 24. Let a = p - -7. Let c be (a/(-5))/((-9)/(-45)). Give l(c).
-2
Let c be (-7)/(-4)*(-1 + 5). Let j(w) be the second derivative of w**4/12 - 7*w**3/6 + 4*w**2 + 1460*w. Give j(c).
8
Let q(n) be the third derivative of -3*n**2 - 1/4*n**4 + 7/6*n**3 + 1/60*n**5 + 0*n + 0. Let z(a) = a**3 + 8*a**2 + 7*a + 6. Let o be z(-7). Calculate q(o).
7
Let n(a) be the first derivative of -a**6/360 - a**5/15 - 7*a**4/24 - 5*a**3/3 - 10. Let c(d) be the third derivative of n(d). Determine c(-6).
5
Let k(w) = 67 - w**2 - 106 + 55 - w. What is k(0)?
16
Let v(u) = -u + 2. Let i(h) = -8*h - 6. Let q be i(-1). Suppose 5*p - q*l = -7, -5*p + 7*l + 1 = 3*l. Give v(p).
5
Let g be 2 + 0 + (-8 - -2). Suppose -3*z + 2*i + 16 = -2*i, -2*z + 2*i + 8 = 0. Let x(k) = z - 2 - 2*k + 3 - 3. Determine x(g).
6
Let m(q) = -40 - 2 - 3*q + 37. Determine m(-5).
10
Let l(f) = -13*f**2 + 9*f - 12. Let j(v) = 3*v**2 - v. Let i(t) = 8*t**2 - 2*t - 2. Let m(o) = 2*i(o) - 7*j(o). Let h(p) = 4*l(p) - 11*m(p). Calculate h(-3).
14
Let q(c) = -11*c**2 + 8 - 1 + c + 3*c - 2*c**3 - 5 - 13. Give q(-6).
1
Let t(d) be the third derivative of -d**5/60 - d**4/4 + 5*d**3/6 - 6*d**2. Let z be t(-6). Let m(q) = -3*q. What is m(z)?
-15
Let w(x) = 12 - 30 - 4*x + 20. Give w(-3).
14
Suppose 2*q = j - 1, 5*j = 5*q + 4 + 11. Let k(d) be the second derivative of d**5/20 - d**4/3 - 5*d**3/6 - 2*d**2 + d. What is k(j)?
-4
Let f(m) = 4*m**2 - m + 10. Let g(r) = 13*r**2 - 2*r + 27. Let x(v) = -8*f(v) + 3*g(v). Suppose 0 = 3*n - 8*n. Suppose 0 = -n*h + 3*h + 3. Calculate x(h).
6
Let h(s) be the second derivative of s**6/720 - 3*s**5/40 + 7*s**4/12 - s**3/6 - 42*s. Let x(b) be the third derivative of h(b). Calculate x(4).
-5
Let j(c) be the third derivative of -c**4/24 + c**3/2 + 64*c**2. Give j(7).
-4
Let m(t) = -2*t + 1. Suppose 6*i - i + 20 = o, i + 4 = -5*o. Suppose o = 3*v + 4 + 2, -v = 5*s + 32. Determine m(s).
13
Suppose 5*d - 20 = -93*n + 95*n, 5*n - 8 = -2*d. Let q = 0 + 3. Let f(w) = 4*w - w**3 - w**q - 5*w**2 + 3*w**3 - 6. What is f(d)?
-6
Let a(r) = r**2 + 3*r - 2. Let w be a(-6). Let x = -10 + w. Let k(b) = -x*b**2 - 4 + b - b**3 - 5*b + 5. What is k(-5)?
-4
Suppose 7*j - 4 = 10. Suppose -3*b + j*b + 0*b = 0. Let d(g) = -g**2 - g + 3. What is d(b)?
3
Let r(a) = 3*a**2 - 3*a - 1. Let b = -992 + 990. What is r(b)?
17
Let p(z) = 5*z - 34. Let c be p(8). Let u(x) = x - 5*x**2 + 6*x + 2 - x**2 + 5*x**2. Calculate u(c).
8
Let k = 2 + 3. Let v(z) = z**2 + 7*z - 18. Let f be v(2). Let w(g) = 449 + f*g - 447 - g. What is w(k)?
-3
Let o(a) be the first derivative of -17*a + 2 - 1/2*a**2. What is o(-8)?
-9
Let z be -14*(-1)/(-4) + 18/12. Let k be (-2 - z - 3) + (-8)/(-8). Let d(a) = -a**3 - 3*a**2 - 2*a. Calculate d(k).
0
Let z(b) be the third derivative of 1/30*b**5 + 0*b**4 + 10*b**2 + 0 - 5/3*b**3 + 1/360*b**6 + 0*b. Let h(q) be the first derivative of z(q). Calculate h(-4).
0
Suppose 6*y - 3 = 5*y. Let w(j) = -19 - 7*j**2 + 2*j + 8 + j**y + 6*j**2 + 9. Let a = 0 - -2. Calculate w(a).
6
Let j(g) = -g**3 - 8*g**2 - 10*g - 14. Let t be j(-7). Let w be (t*2/(-6))/((-8)/24). Let i(n) = -n**3 + 6*n**2 + 8*n - 9. Give i(w).
-2
Let q = -1 + 0. Let u = q - -6. Let z(c) = c**3 + 13*c - 4*c - 4*c - 4*c**2 - 3*c - 8*c. Determine z(u).
-5
Let f(n) = 2*n - 5*n + 2*n - n**3 + 9*n - 6*n**2 + 5. What is f(-7)?
-2
Let x = -29 - -31. Suppose -4*v = -8, b + x*v = -b + 18. Let q(d) = d**2 - 6*d - 8. Determine q(b).
-1
Let u(z) = 38*z - 268. Let b be u(7). Let p(o) = -o**3 - o**2 + o + 1. Calculate p(b).
3
Let c(o) = -923*o + 1843*o - 923*o - 7. Give c(-3).
2
Let z(f) = f**2 + f + 1. Let b(j) = 173*j**2 - 11 + 6*j - 19*j - 178*j**2. Let k(x) = b(x) + 4*z(x). Give k(-7).
7
Let u(x) = x**2 - 1. Let c(j) = 1. Let f(q) = 2*c(q) + u(q). Suppose k = 2*k - 1. Determine f(k).
2
Suppose -5*f - 2*r = -40, 0*f = 3*f + 4*r - 38. Suppose -f*h - 12 = -9*h. Let a(n) = h*n**2 - 2*n**3 - 4 + 9 + 3*n**3 + 0*n**3. Give a(-4).
5
Let l(v) = 1 + 5*v + 2 + 363*v**2 - 2*v**3 - 366*v**2. Suppose -3*n = 14 - 5. Calculate l(n).
15
Let p(l) = 9*l + 23*l**2 + 23*l**2 - 10 - 47*l**2. Give p(5).
10
Let p(j) = j**3 + 5*j**2 + 11*j - 6. Let q(h) = h**2 - 2*h. Let w(k) = p(k) + 3*q(k). Calculate w(-7).
8
Let v(r) be the first derivative of r**4/4 + 2*r**3 - 3*r**2/2 - 5*r + 147. Determine v(-5).
35
Suppose -4*g = -6 - 6. Let o(s) be the second derivative of 24*s + 0 - 5/12*s**4 + 1/2*s**2 + 1/20*s**5 + 1/2*s**3. Give o(g).
-8
Let j(z) = 5*z - 5. Let r(g) = g - 1. Let x(p) = -j(p) + 6*r(p). Let w be x(4). Let m(c) = -7*c**2 + 4*c + 0*c**3 - c**w + 4 + c**3 + c**3. Calculate m(6).
-8
Let v(u) = 21 - u**2 + 32*u - 17 - 28*u. Give v(7).
-17
Let m(j) be the first derivative of j**3/3 + 5*j**2 + 5*j + 5066. Let g = -25 + 17. Calculate m(g).
-11
Let b(d) be the third derivative of d**4/4 + 2*d**3/3 - 22*d**2 - 1. What is b(-4)?
-20
Let b(w) = -w**3 - 4*w**2 - 13*w - 8. Let c(i) = i**2 - i. Suppose -10*f + 2*f - 32 = 0. Let y(d) = f*c(d) + b(d). Give y(-7).
6
Suppose 3*c - 41 + 20 = 0. Let o(v) be the first derivative of v**3/3 - 4*v**2 + 6*v + 10. Determine o(c).
-1
Let y(z) = 12*z + 7. Let q(s) = -15 - 10*s + 3*s - 18*s. Let x = 19 - 6. Let c(o) = x*y(o) + 6*q(o). Determine c(-2).
-11
Let i = 18 + -20. Let p be (-60)/45 + i/(-6). Let b(g) = -2*g + 1. Determine b(p).
3
Suppose -5*w - 4 = 2*j, -w = -3*w. Let m be (-272)/(-64) - (1 - (-3)/(-4)). Let l(k) = -k + m*k - 262 + 265. Give l(j).
-3
Let j(n) = n**3 - 4*n**2 + 3. Suppose 6*s - 15 = 3*s - 3*m, 0 = -5*s - 3*m + 35. Suppose s - 30 = -5*l. What is j(l)?
3
Let m(c) = -c. Let l(g) = -12*g + 4. Let x be (-2 - -3) + 2/(-1). Let z(o) = x*l(o) + 10*m(o). Calculate z(4).
4
Let f(b) = -11*b**2 + 17*b**2 - 9*b**2 - 3 - 5*b. What is f(-2)?
-5
Let h = 193 - 169. Suppose 1 = h*a - 23*a. Let v(q) = q**2 - q - 1. What is v(a)?
-1
Let c = 4 + -1. Let m(k) = -k**3 + 5*k**2 - 3*k + 3. Let d be m(4). Let x(g) = -d + 6*g - 4*g**2 + 5*g**2 + 0*g**2 - c*g. Calculate x(-5).
3
Let l(y) = -y**3 + 4*y**2 + y + 1. Suppose -5*c + 3*f + 6 = 0, -3*c + 18*f + 18 = 21*f. What is l(c)?
13
Let i(r) = r**3 - 43*r**2 - 46*r + 99. Let n be i(44). Let j(w) = w**3 - 10*w**2 - 11*w + 6. What is j(n)?
6
Let y(r) = -41*r - 80. Let w be y(-2). Let f(m) = 2*m**3 - m**2 - 2*m - 4. What is f(w)?
4
Let t(q) = 9*q - 6. Let w be t(2). Suppose -4*c + w + 16 = 0. Let j(a) = -a + 10. Determine j(c).
3
Suppose v + 13 - 18 = 0. Suppose -5*x - 5*b = -45, 3*x = x + v*b + 39. Suppose x = 3*l + 4*h, l = -4*l + 4*h + 20. Let o(a) = a**2 - a + 4. Give o(l).
16
Let x(b) = 2*b**2 + 14*b - 114. Let u be x(-12). Let m(t) be the second derivative of -t**4/12 + 3*t**3/2 - t**2 - t. Determine m(u).
16
Let i be 2/(-1) + (-4)/1. Suppose 0 = -3*b + 3*q + 39, -4*b + 43 + 54 = 5*q. Let t(f) = 8*f - b*f + 12*f + 9. Determine t(i).
-3
Let b(k) be the first derivative of k**4/4 + k**3 + k**2 + 4*k + 49. Give b(-3).
-2
Let q(k) be the third derivative of k**6/120 - 2*k**5/15 + k**4/4 + k**3/3 + 10*k**2 + 100*k. Suppose 19 + 5 = 4*x. Suppose -x*o + 3*o = -21. Determine q(o).
-5
Let i(c) = -c**3 + 4*c**2 - c - 3. Suppose 5*f - 5*d - 65 + 10 = 0, 0 = d - 4. Suppose -15 = f*y - 20*y. Calculate i(y).
3
Let n(d) = d**3 + d**2 + d. Let r(x) = 3*x**3 - 13*x**2 + 17*x - 18. Let s(t) = -2*n(t) + r(t). Calculate s(14).
-4
Let y = 4 - 1. Suppose y = -3*j + 9. Let t(i) = 20*i**2 - i + 14 - 17*i**2 - 13 - 2*i**3 - 2*i. What is t(j)?
-9
Suppose 15 = -5*y, 0*g + 2*y = -2*g - 8. Let x be 11 + -13 - (-3)/g. Let n(s) = s**3 + 7*s**2 + 8*s + 4. Give n(x).
14
Let o be 3 - (3 - (4 + -2)). Let k(q) be the fir